q. What is the units digit of n?
2
Let t(z) = z**3 - 6*z**2 + 5*z - 2. Suppose -2*q - q + 18 = 0. Let g be t(q). Suppose -4*v - 4*o = -20, g - 3 = 5*v + 3*o. What is the units digit of v?
5
Let v(x) = 2*x**3 + 0*x**2 - x - 2*x**2 - 5*x**3. Let a be v(-1). Suppose 5*n - 15 = -5*h, 3*n = -3*h - a*n + 3. What is the units digit of h?
6
Let m be 2 + (-8)/((-4)/(-2)). What is the units digit of -2 + (0 + 1 - m)?
1
Let q(y) be the first derivative of -y**4/4 + 7*y**3/3 + y**2 - 8*y - 3. Let f be q(6). What is the units digit of (f/(-12))/((-2)/6)?
0
Let u(c) = -c**3 - 5*c**2 - 6*c - 4. Let j be u(-4). Suppose -3*t + 7*t = j. What is the units digit of t?
1
Let v(g) = g - 4. What is the units digit of v(6)?
2
Let v be ((-8)/(-3) - 3)*-15. Suppose -70 = -5*i - v*p, 2*i = -i - 5*p + 42. What is the tens digit of i?
1
Suppose x - 25 = d, 2*x = -2*d + 43 + 3. Suppose 3*r - x = -t, -r = -8 + 4. What is the units digit of t?
2
Suppose 0*d + 31 = d - 2*i, -5*d + 143 = -4*i. Let h = d + 3. What is the tens digit of h?
3
Suppose -2*u - t = -161, -4*u - u - 3*t = -400. What is the units digit of u?
3
Let r be (-1 - -2) + 5 + 0. Let z = 8 + r. What is the tens digit of z?
1
Let f = 48 - 11. What is the units digit of f?
7
Let l = 44 + -16. Let b = l - 10. What is the units digit of b?
8
Let p(j) = 4*j - 2. Let w be p(1). Suppose -f - 21 = -w*h, -4*h + 1 = -2*h + 3*f. What is the units digit of h?
8
Suppose 4*v = -3*g + 98, -2*g = -v - v - 70. Let k = -7 + g. What is the tens digit of k?
2
Suppose -5*g + 3*g = -406. What is the hundreds digit of g?
2
What is the units digit of 8/4 - (0 + 1)?
1
Let q = -10 + 15. Suppose -2*c = -q*y - 105 - 10, 5*y + 4*c + 85 = 0. What is the units digit of y*(-2 - 1)/9?
7
What is the tens digit of ((-38)/6)/(3/(-18))?
3
Suppose -3 = -6*n + 297. What is the tens digit of n?
5
Suppose -2*w + 248 = -0*w. What is the tens digit of w?
2
What is the tens digit of (-245)/(-8) + 48/128?
3
Suppose -o - t + 6 = -10, -61 = -4*o - t. Let i be (8/(-6))/(14/(-231)). Let v = i - o. What is the units digit of v?
7
Let b(t) = -3*t + 3. Let k be b(11). Let s = -16 - k. What is the tens digit of s?
1
Let l = -78 + 113. What is the tens digit of l?
3
Suppose 0*j = 4*m - 2*j + 34, 0 = -4*m + j - 29. What is the units digit of (54/15)/(m/(-15))?
9
What is the units digit of 8/(-64) - (-546)/16?
4
Suppose 22 = x + 4*j, x + j - 7 = 3. Let p = 4 - x. What is the units digit of ((-4)/p - 2) + 2?
2
Let n(s) = -s**3 - 22*s**2 + 21*s + 24. What is the units digit of n(-23)?
0
Let g(c) = 13*c - 2. What is the units digit of g(4)?
0
Let k(t) = -8*t**2 + 13*t**2 - 20 + 20*t - 6*t**2. What is the tens digit of k(18)?
1
Suppose -3*i = i - 164. What is the units digit of i?
1
Let q = -4 + 3. Suppose 4*t - 24 = -4*r, -t + 4 = 1. Let k = r + q. What is the units digit of k?
2
Let i(o) = -o**2 - 6*o - 4. Suppose x - 3*x = -5*v - 1, -2*v - 10 = -4*x. Let j be -4 + -2 + v + 0. What is the units digit of i(j)?
1
Suppose u + 4*u - 145 = -a, -3*u + 94 = 2*a. What is the units digit of u?
8
Let f(h) = -h**3 - 6*h**2 - 6*h - 7. Let w be f(-5). Let n(o) = -12*o - 2. What is the units digit of n(w)?
2
Let n = 5 + -2. What is the units digit of n?
3
What is the units digit of 951/21 + (-10)/35?
5
Let c(x) be the first derivative of -x**4/4 + 5*x**3/3 + x**2 - 4*x - 1. Let g be c(5). What is the units digit of -2*3/g*-10?
0
Suppose 90 = n + 2*n. What is the tens digit of n?
3
Let o be 3/2 - (-60)/8. What is the units digit of (3/(-9))/((-3)/o)?
1
Suppose 3*i - 4*b - 32 = 613, -5*b = -2*i + 423. What is the tens digit of i?
1
Suppose -10 = -8*s + 3*s. Let b = s - -22. What is the units digit of b?
4
Let r be 3/(-6) + (-39)/(-6). Let l(j) = -7*j**3 + 12*j**2 - 4. Let t(m) = -8*m**3 + 13*m**2 - 5. Let z(g) = 7*l(g) - 6*t(g). What is the units digit of z(r)?
2
Let i be 0 - 2 - 34/(-1). Suppose -i = -4*b + 8. What is the units digit of b?
0
Let m be 9 + -7 - (-2 - -1). What is the tens digit of -1 + 31 + -3 - m?
2
Suppose 4 = 4*t - 12. Suppose 8 = 4*k - t. Suppose -3*b + u + 7 = 0, -b = -k*b - 3*u + 12. What is the units digit of b?
3
Let k(c) = -8*c**3 - 1. What is the units digit of k(-1)?
7
Let t(u) = -u**3 - u**2 - 1. Let j = 20 + -14. Suppose o = -o - j. What is the tens digit of t(o)?
1
Let t = 8 - -1. Suppose 2*u - t = -u. What is the units digit of u?
3
Let w be 3 - (-2 + -57*1). Let s = -35 + w. What is the tens digit of s?
2
Let v be 2/8 - (-21)/(-4). Let o = 2 - v. Let t = -5 + o. What is the units digit of t?
2
Let f = -24 + -1. Let j = f - -44. What is the units digit of j?
9
Let f(q) = -3*q**2 + 8*q + 6. Let v(j) = -5*j**2 + 16*j + 12. Let k(z) = z - 2. Let i be k(-5). Let y(o) = i*f(o) + 4*v(o). What is the units digit of y(-8)?
6
Suppose -y + x + 164 = 3*y, 3*y - 128 = 2*x. What is the units digit of y?
0
Let z be (-7)/(-2) - 2/(-4). Suppose 4*f + 12 = 4*j, 3*f = -5*j + f + 22. Let n = z + j. What is the units digit of n?
8
Suppose -11 = 3*i - 4*t, -3*i + 0 = -5*t + 13. Let u be i - -13 - 1*-1. Let k = u + -6. What is the units digit of k?
7
Let g(c) = 0*c - 4 - 5*c - c + 4*c. Let k be g(-3). Suppose 35 = 2*r - 5*f, -k*f - 20 = -3*r - f. What is the units digit of r?
5
Suppose 3*r + 5*t + 4 = 92, 3*r = -4*t + 83. What is the tens digit of r?
2
Let o be 2*(-1 + 2 + -2). Suppose 3*g - h - 16 = 3*h, 0 = 5*g - 2*h - 22. Let j = g + o. What is the units digit of j?
2
Let d(i) = -i - 2. Let p be d(8). What is the units digit of -27*(-2 + p/(-6))?
9
Suppose -5*t - 12 = -t. Let x be 3/t + 4 + 0. Suppose 0 = -2*i + 3*i - x*u - 14, i = -5*u + 6. What is the tens digit of i?
1
Suppose 2*u - 4*x = 46, 3*u - 3*x = -4*x + 41. What is the tens digit of u?
1
Suppose 0 = 5*q - 2*y - 12, 5*y = -5*q + 5 - 0. Suppose q*t + 4*v + 11 - 1 = 0, -t - 4*v = 13. Suppose m = -4 + t, m = g - 4. What is the units digit of g?
3
Let h = 11 - 4. What is the units digit of h?
7
Let x = -23 + 35. What is the units digit of (-4 + 3)*(1 - x)?
1
Let z = 14 + 17. Let d = z + -17. What is the units digit of d?
4
What is the tens digit of 71*3/15*5?
7
Let l be 0 - (2 - 0) - -4. Suppose -2*t - t - 3*o = -243, 4*t - 322 = -l*o. What is the units digit of t/14 + 2/7?
6
Let h be 6/(-18) - (-10)/(-6). What is the units digit of ((-3)/h - 1)*2?
1
Let z(v) = -2*v**3 + v**2 - 1. Let w be z(-1). Suppose w*j + 5*k - 6 + 26 = 0, -4*k + 12 = -4*j. What is the units digit of ((-12)/14)/(j/35)?
6
Suppose 5*d = -0*j - 3*j + 98, -3*d = 4*j - 116. Let n = 9 - j. Let l = n + 33. What is the units digit of l?
6
Suppose 0*l - 2*l - 2*h + 388 = 0, 3 = -h. What is the units digit of l?
7
Suppose 5*s - 24 = 2*s - 4*a, -6 = -2*a. What is the units digit of s?
4
Let x(d) be the second derivative of 0 + 1/3*d**3 + d**2 - d + 1/12*d**4. What is the units digit of x(-3)?
5
Let t = 35 - -17. Suppose 0*v - 2*b = 2*v - t, 0 = 3*v + 2*b - 76. What is the units digit of v?
4
Suppose -5*d + 4*d = -114. What is the tens digit of d?
1
Suppose -2*b - 2*b = 4*j - 400, 2*j - 3*b - 225 = 0. What is the tens digit of j?
0
Let a(w) = -14*w**3 - 3*w**2 - 2*w - 2. Let l be a(-2). Suppose 3*j = l - 36. Suppose 58 = 5*n - j. What is the units digit of n?
6
Suppose -4*i + 40 = 4. What is the units digit of i?
9
What is the units digit of (67 - 15) + (-2 - 1)?
9
Suppose 0 = -a + 6 - 2, -5*b + a = -11. Suppose -b*y + 11 = y + j, -3 = -2*y - 3*j. What is the units digit of y + (2 - (-8)/(-2))?
1
Suppose 3*i - 20 = 3*n + 154, -i + 46 = -5*n. Let t = i + -42. What is the tens digit of t?
1
Suppose 4*x + 3*t - 5 = 0, 3 = 2*t - 3. What is the units digit of (3 - 4)/(0 + x)?
1
Suppose -h - 2*h = 2*p - 5, 3 = -3*h. What is the units digit of p?
4
Suppose 322 + 2326 = 8*a. What is the units digit of a?
1
Let k = -9 - -7. Let u be 1 - (4/k + 1). Suppose z = -2*m + 8, 4*z = u*z - 5*m + 15. What is the units digit of z?
0
What is the units digit of (2 - 7)*42*(-2)/5?
4
Suppose 5*a - 535 = -0*a. What is the units digit of a?
7
Let d(f) = f**2 + 5*f + 158. What is the tens digit of d(0)?
5
What is the units digit of (0 - 18)*((-56)/(-12) + -6)?
4
Let i be 0/((1 - -1) + -1). Suppose 4*n + i*n = 12. What is the units digit of n?
3
Suppose s + 16 = 5*s. Suppose 2*m - 6*m = s*n, -2*n = 3*m - 2. What is the units digit of m?
2
Suppose 0 = 3*w - 5 - 16. Suppose -w*c + 